{"id":408,"date":"2020-10-01T09:36:20","date_gmt":"2020-10-01T07:36:20","guid":{"rendered":"http:\/\/aigles-saintebaume.fr\/index.html\/?page_id=408"},"modified":"2020-10-07T11:03:12","modified_gmt":"2020-10-07T09:03:12","slug":"mentions-legales","status":"publish","type":"page","link":"https:\/\/aigles-saintebaume.fr\/index.html\/mentions-legales\/","title":{"rendered":"Mentions L\u00e9gales"},"content":{"rendered":"\n\t<strong>Soci\u00e9t\u00e9<\/strong> :<br \/>\n<strong>BEMBOM BROTHERS<\/strong>\u00a0(SAS)<br \/>\nQuartier de la Messugui\u00e8re &#8211; 13780 Cuges-Les-Pins<br \/>\nT\u00e9l. : 04 42 73 98 54<br \/>\n<a href=\"mailto:sherif@okcorral.fr\">contact@aigles-saintebaume.fr<\/a><br \/>\n<a href=\"http:\/\/www.okcorral.fr\/\" target=\"_blank\" rel=\"noopener noreferrer\">www.aigles-saintebaume.fr<\/a><br \/>\nCapital social : 50\u00a0000\u00a0\u20ac<br \/>\nN\u00b0 RC : 539 653 105<br \/>\nN\u00b0 SIRET : 539 653 105 00012<br \/>\nN\u00b0 de TVA\u00a0Intracommunautaire\u00a0: FR 33 539653105\n<strong>Responsable \u00e9ditorial <\/strong>:<br \/>\n<strong>H.BEMBOM<\/strong>\n<strong>Conception et r\u00e9alisation :<\/strong><br \/>\n<strong>AIGLES DE LA SAINTE BAUME\u00a0<\/strong>(SAS)\n<strong>H\u00e9bergement<\/strong> :<br \/>\n<strong>OVH<\/strong>\u00a0(SAS)<br \/>\nau capital de 10 069 020 \u20ac<br \/>\nRCS Lille M\u00e9tropole 424 761 419 00045<br \/>\nCode APE 2620Z<br \/>\nN\u00b0 TVA : FR 22 424 761 419<br \/>\nSi\u00e8ge social : 2 rue Kellermann &#8211; 59100 Roubaix &#8211; France\n<strong>Cr\u00e9dit photos<\/strong> :<br \/>\nAigles de la Sainte Baume<br \/>\nOK Corral\n<strong>CNIL<\/strong> :<br \/>\nDans la cadre de ses actions commerciales Les Aigles de la Sainte Baume est d\u00e9tenteur d&#8217;un fichier de donn\u00e9es prospects et clients qui \u00e0 fait l&#8217;objet d&#8217;une d\u00e9claration aupr\u00e8s de la CNIL sous le num\u00e9ro 1931840.\n","protected":false},"excerpt":{"rendered":"<p>Soci\u00e9t\u00e9 : BEMBOM BROTHERS\u00a0(SAS) Quartier de la Messugui\u00e8re &#8211; 13780 Cuges-Les-Pins T\u00e9l. : 04 42 73 98 54 contact@aigles-saintebaume.fr www.aigles-saintebaume.fr Capital social : 50\u00a0000\u00a0\u20ac N\u00b0 RC : 539 653 105&hellip; <br \/> <a class=\"button small blue\" href=\"https:\/\/aigles-saintebaume.fr\/index.html\/mentions-legales\/\">Lire la suite<\/a><\/p>\n","protected":false},"author":1,"featured_media":0,"parent":0,"menu_order":0,"comment_status":"closed","ping_status":"closed","template":"","meta":[],"_links":{"self":[{"href":"https:\/\/aigles-saintebaume.fr\/index.html\/wp-json\/wp\/v2\/pages\/408"}],"collection":[{"href":"https:\/\/aigles-saintebaume.fr\/index.html\/wp-json\/wp\/v2\/pages"}],"about":[{"href":"https:\/\/aigles-saintebaume.fr\/index.html\/wp-json\/wp\/v2\/types\/page"}],"author":[{"embeddable":true,"href":"https:\/\/aigles-saintebaume.fr\/index.html\/wp-json\/wp\/v2\/users\/1"}],"replies":[{"embeddable":true,"href":"https:\/\/aigles-saintebaume.fr\/index.html\/wp-json\/wp\/v2\/comments?post=408"}],"version-history":[{"count":4,"href":"https:\/\/aigles-saintebaume.fr\/index.html\/wp-json\/wp\/v2\/pages\/408\/revisions"}],"predecessor-version":[{"id":421,"href":"https:\/\/aigles-saintebaume.fr\/index.html\/wp-json\/wp\/v2\/pages\/408\/revisions\/421"}],"wp:attachment":[{"href":"https:\/\/aigles-saintebaume.fr\/index.html\/wp-json\/wp\/v2\/media?parent=408"}],"curies":[{"name":"wp","href":"https:\/\/api.w.org\/{rel}","templated":true}]}}