{"id":83,"date":"2019-11-13T15:48:52","date_gmt":"2019-11-13T14:48:52","guid":{"rendered":"http:\/\/aigles-saintebaume.fr\/index.html\/?page_id=83"},"modified":"2023-06-17T12:56:53","modified_gmt":"2023-06-17T10:56:53","slug":"contact","status":"publish","type":"page","link":"https:\/\/aigles-saintebaume.fr\/index.html\/contact\/","title":{"rendered":"Contact"},"content":{"rendered":"\n<h3>Contactez-nous<\/h3>\n\t<blockquote>\n<h5>T\u00e9l\u00e9phone : 06 50 37 68 62<\/h5>\n<\/blockquote>\n\t<blockquote>\n<h5>Quartier de la Messugui\u00e8re &#8211; 13780<br>\nCuges-les-Pins<\/h5>\n<\/blockquote>\n\t<blockquote>\n<h5>contact@aigles-saintebaume.fr<\/h5>\n<\/blockquote>\n\t\n<div class=\"wpcf7 no-js\" id=\"wpcf7-f340-o1\" lang=\"fr-FR\" dir=\"ltr\">\n<div class=\"screen-reader-response\"><p role=\"status\" aria-live=\"polite\" aria-atomic=\"true\"><\/p> <ul><\/ul><\/div>\n<form action=\"\/index.html\/wp-json\/wp\/v2\/pages\/83#wpcf7-f340-o1\" method=\"post\" class=\"wpcf7-form init\" aria-label=\"Formulaire de contact\" novalidate=\"novalidate\" data-status=\"init\">\n<div style=\"display: none;\">\n<input type=\"hidden\" name=\"_wpcf7\" value=\"340\" \/>\n<input type=\"hidden\" name=\"_wpcf7_version\" value=\"5.7.7\" \/>\n<input type=\"hidden\" name=\"_wpcf7_locale\" value=\"fr_FR\" \/>\n<input type=\"hidden\" name=\"_wpcf7_unit_tag\" value=\"wpcf7-f340-o1\" \/>\n<input type=\"hidden\" name=\"_wpcf7_container_post\" value=\"0\" \/>\n<input type=\"hidden\" name=\"_wpcf7_posted_data_hash\" value=\"\" \/>\n<\/div>\n<p><label> Votre nom (obligatoire)<br \/>\n<span class=\"wpcf7-form-control-wrap\" data-name=\"your-name\"><input size=\"40\" class=\"wpcf7-form-control wpcf7-text wpcf7-validates-as-required\" aria-required=\"true\" aria-invalid=\"false\" value=\"\" type=\"text\" name=\"your-name\" \/><\/span> <\/label>\n<\/p>\n<p><label> Votre adresse de messagerie (obligatoire)<br \/>\n<span class=\"wpcf7-form-control-wrap\" data-name=\"your-email\"><input size=\"40\" class=\"wpcf7-form-control wpcf7-text wpcf7-email wpcf7-validates-as-required wpcf7-validates-as-email\" aria-required=\"true\" aria-invalid=\"false\" value=\"\" type=\"email\" name=\"your-email\" \/><\/span> <\/label>\n<\/p>\n<p><label> Objet<br \/>\n<span class=\"wpcf7-form-control-wrap\" data-name=\"your-subject\"><input size=\"40\" class=\"wpcf7-form-control wpcf7-text\" aria-invalid=\"false\" value=\"\" type=\"text\" name=\"your-subject\" \/><\/span> <\/label>\n<\/p>\n<p><label> Votre message<br \/>\n<span class=\"wpcf7-form-control-wrap\" data-name=\"your-message\"><textarea cols=\"40\" rows=\"10\" class=\"wpcf7-form-control wpcf7-textarea\" aria-invalid=\"false\" name=\"your-message\"><\/textarea><\/span> <\/label>\n<\/p>\n<p><label> Veuillez saisir le code suivant (obligatoire)<\/label><br \/>\n<input type=\"hidden\" name=\"_wpcf7_captcha_challenge_captcha-170\" value=\"2303881653\" \/><img class=\"wpcf7-form-control wpcf7-captchac wpcf7-captcha-captcha-170\" width=\"72\" height=\"24\" alt=\"captcha\" src=\"https:\/\/aigles-saintebaume.fr\/index.html\/wp-content\/uploads\/wpcf7_captcha\/2303881653.png\" \/><br \/>\n<span class=\"wpcf7-form-control-wrap\" data-name=\"captcha-170\"><input size=\"4\" maxlength=\"4\" class=\"wpcf7-form-control wpcf7-captchar\" autocomplete=\"off\" aria-invalid=\"false\" value=\"\" type=\"text\" name=\"captcha-170\" \/><\/span>\n<\/p>\n<p><input class=\"wpcf7-form-control has-spinner wpcf7-submit\" type=\"submit\" value=\"Envoyer\" \/>\n<\/p><div class=\"wpcf7-response-output\" aria-hidden=\"true\"><\/div>\n<\/form>\n<\/div>\n\n\t<iframe loading=\"lazy\" src=\"https:\/\/www.google.com\/maps\/embed?pb=!1m18!1m12!1m3!1d5365.212615475636!2d5.727511279853309!3d43.26826805550821!2m3!1f0!2f0!3f0!3m2!1i1024!2i768!4f13.1!3m3!1m2!1s0x0%3A0x6ba2b3c6e7d5241f!2sLES%20AIGLES%20DE%20LA%20SAINTE%20BAUME!5e0!3m2!1sfr!2sfr!4v1576146145230!5m2!1sfr!2sfr\" width=\"100%\" height=\"450\" frameborder=\"0\" allowfullscreen=\"\"><\/iframe>\n\t<iframe loading=\"lazy\" src=\"https:\/\/calendar.google.com\/calendar\/embed?height=300&amp;wkst=1&amp;bgcolor=%23ffffff&amp;ctz=Europe%2FParis&amp;src=cnFtN29uOHBhdTA3MjY1Mm9lazA2NjFjMjhAZ3JvdXAuY2FsZW5kYXIuZ29vZ2xlLmNvbQ&amp;src=ZnIuZnJlbmNoI2hvbGlkYXlAZ3JvdXAudi5jYWxlbmRhci5nb29nbGUuY29t&amp;color=%23616161&amp;color=%230B8043&amp;showTabs=0&amp;showPrint=0&amp;showTz=0&amp;showCalendars=0\" width=\"100%\" height=\"300\" frameborder=\"0\" scrolling=\"no\"><\/iframe>\n\t<a href=\"https:\/\/aigles-saintebaume.fr\/index.html\/mentions-legales\/\">Mentions L\u00e9gales<\/a><br>\n","protected":false},"excerpt":{"rendered":"<p>Contactez-nous T\u00e9l\u00e9phone : 06 50 37 68 62 Quartier de la Messugui\u00e8re &#8211; 13780 Cuges-les-Pins contact@aigles-saintebaume.fr Mentions L\u00e9gales<\/p>\n","protected":false},"author":1,"featured_media":0,"parent":0,"menu_order":0,"comment_status":"closed","ping_status":"closed","template":"","meta":[],"_links":{"self":[{"href":"https:\/\/aigles-saintebaume.fr\/index.html\/wp-json\/wp\/v2\/pages\/83"}],"collection":[{"href":"https:\/\/aigles-saintebaume.fr\/index.html\/wp-json\/wp\/v2\/pages"}],"about":[{"href":"https:\/\/aigles-saintebaume.fr\/index.html\/wp-json\/wp\/v2\/types\/page"}],"author":[{"embeddable":true,"href":"https:\/\/aigles-saintebaume.fr\/index.html\/wp-json\/wp\/v2\/users\/1"}],"replies":[{"embeddable":true,"href":"https:\/\/aigles-saintebaume.fr\/index.html\/wp-json\/wp\/v2\/comments?post=83"}],"version-history":[{"count":27,"href":"https:\/\/aigles-saintebaume.fr\/index.html\/wp-json\/wp\/v2\/pages\/83\/revisions"}],"predecessor-version":[{"id":434,"href":"https:\/\/aigles-saintebaume.fr\/index.html\/wp-json\/wp\/v2\/pages\/83\/revisions\/434"}],"wp:attachment":[{"href":"https:\/\/aigles-saintebaume.fr\/index.html\/wp-json\/wp\/v2\/media?parent=83"}],"curies":[{"name":"wp","href":"https:\/\/api.w.org\/{rel}","templated":true}]}}